{"id":648,"date":"2025-06-20T09:58:05","date_gmt":"2025-06-20T09:58:05","guid":{"rendered":"https:\/\/valenciasaboramar.com\/?page_id=648"},"modified":"2025-07-15T09:34:54","modified_gmt":"2025-07-15T09:34:54","slug":"fischgerichte","status":"publish","type":"page","link":"https:\/\/valenciasaboramar.com\/?page_id=648","title":{"rendered":"FISCHGERICHTE"},"content":{"rendered":"<p>[et_pb_section fb_built=\u00bb1&#8243; _builder_version=\u00bb4.27.4&#8243; _module_preset=\u00bbdefault\u00bb global_colors_info=\u00bb{}\u00bb][et_pb_row _builder_version=\u00bb4.27.4&#8243; _module_preset=\u00bbdefault\u00bb global_colors_info=\u00bb{}\u00bb][et_pb_column type=\u00bb4_4&#8243; _builder_version=\u00bb4.27.4&#8243; _module_preset=\u00bbdefault\u00bb global_colors_info=\u00bb{}\u00bb][et_pb_text _builder_version=\u00bb4.27.4&#8243; _module_preset=\u00bbdefault\u00bb text_font=\u00bbCoda Caption||||||||\u00bb hover_enabled=\u00bb0&#8243; global_colors_info=\u00bb{}\u00bb sticky_enabled=\u00bb0&#8243;]<\/p>\n<h2><span style=\"color: #000000;\"><strong>FISCHGERICHTE UND MEERESFR\u00dcCHTE<\/strong><\/span><\/h2>\n<p><span style=\"color: #000000;\">38. Wolfsbarsch oder Dorade \u00b1200g \u2013 19,00 \u20ac<\/span><\/p>\n<p><span style=\"color: #000000;\">39. Zus\u00e4tzliche So\u00dfen f\u00fcr Fisch \u2013 2,00 \u20ac<\/span><\/p>\n<p><span style=\"color: #000000;\">40. Beilage aus Salat + kaltem Gem\u00fcsereis \u2013 2,00 \u20ac<\/span><\/p>\n<p><span style=\"color: #000000;\"><strong>41. Chipir\u00f3n a la plancha (Kleine gegrillte Tintenfische) \u2013 13,50\u20ac<br \/>42. Pescadito frito (Frittierter Fisch, Marktpreis) \u2013 12,00\u20ac<br \/>43. Gambones a la plancha (6 Stk.) (Gegrillte Garnelen) \u2013 18,00\u20ac<br \/>44. Calamares a la romana \u00abPota\u00bb (Frittierte Tintenfischringe) \u2013 13,50\u20ac<br \/>45. Tellinas (250g, saisonal) (Kleine Muscheln) \u2013 13,50\u20ac<br \/>46. Fritura de mar (f\u00fcr 2 Personen) (Gemischte Meeresfr\u00fcchte Fritt\u00fcre) \u2013 45,00\u20ac<br \/>47. Escombros (Frittierte kleine Tintenfische) \u2013 14,00\u20ac<br \/>48. Mariscadas (f\u00fcr 2 Personen) (Gro\u00dfe Meeresfr\u00fcchteplatte) \u2013 45,00\u20ac<br \/>49. Gamb\u00f3n-Schw\u00e4nze mit Knoblauch (6 Stk.) \u2013 19,50\u20ac<br \/>50. Sepia-St\u00fccke \u00abPota\u00bb (Tintenfischst\u00fccke) \u2013 13,50\u20ac<\/strong><\/span><\/p>\n<p>[\/et_pb_text][\/et_pb_column][\/et_pb_row][\/et_pb_section]<\/p>\n","protected":false},"excerpt":{"rendered":"<p>FISCHGERICHTE UND MEERESFR\u00dcCHTE 38. Wolfsbarsch oder Dorade \u00b1200g \u2013 19,00 \u20ac 39. Zus\u00e4tzliche So\u00dfen f\u00fcr Fisch \u2013 2,00 \u20ac 40. Beilage aus Salat + kaltem Gem\u00fcsereis \u2013 2,00 \u20ac 41. Chipir\u00f3n a la plancha (Kleine gegrillte Tintenfische) \u2013 13,50\u20ac42. Pescadito frito (Frittierter Fisch, Marktpreis) \u2013 12,00\u20ac43. Gambones a la plancha (6 Stk.) (Gegrillte Garnelen) \u2013 [&hellip;]<\/p>\n","protected":false},"author":3,"featured_media":0,"parent":0,"menu_order":0,"comment_status":"closed","ping_status":"closed","template":"","meta":{"_et_pb_use_builder":"on","_et_pb_old_content":"","_et_gb_content_width":"","footnotes":""},"class_list":["post-648","page","type-page","status-publish","hentry"],"_links":{"self":[{"href":"https:\/\/valenciasaboramar.com\/index.php?rest_route=\/wp\/v2\/pages\/648","targetHints":{"allow":["GET"]}}],"collection":[{"href":"https:\/\/valenciasaboramar.com\/index.php?rest_route=\/wp\/v2\/pages"}],"about":[{"href":"https:\/\/valenciasaboramar.com\/index.php?rest_route=\/wp\/v2\/types\/page"}],"author":[{"embeddable":true,"href":"https:\/\/valenciasaboramar.com\/index.php?rest_route=\/wp\/v2\/users\/3"}],"replies":[{"embeddable":true,"href":"https:\/\/valenciasaboramar.com\/index.php?rest_route=%2Fwp%2Fv2%2Fcomments&post=648"}],"version-history":[{"count":4,"href":"https:\/\/valenciasaboramar.com\/index.php?rest_route=\/wp\/v2\/pages\/648\/revisions"}],"predecessor-version":[{"id":975,"href":"https:\/\/valenciasaboramar.com\/index.php?rest_route=\/wp\/v2\/pages\/648\/revisions\/975"}],"wp:attachment":[{"href":"https:\/\/valenciasaboramar.com\/index.php?rest_route=%2Fwp%2Fv2%2Fmedia&parent=648"}],"curies":[{"name":"wp","href":"https:\/\/api.w.org\/{rel}","templated":true}]}}